

{"id":28676,"date":"2024-02-19T13:12:48","date_gmt":"2024-02-19T12:12:48","guid":{"rendered":"https:\/\/modemart.hu\/program\/tarlatvezetes-angol-nyelven-kovacs-edwarddal\/"},"modified":"2024-02-19T13:14:46","modified_gmt":"2024-02-19T12:14:46","slug":"tarlatvezetes-angol-nyelven-kovacs-edwarddal","status":"publish","type":"program","link":"https:\/\/modemart.hu\/en\/program\/tarlatvezetes-angol-nyelven-kovacs-edwarddal\/","title":{"rendered":"Guided tour with Kov\u00e1cs Edward"},"featured_media":28675,"template":"","class_list":["post-28676","program","type-program","status-publish","has-post-thumbnail","hentry","col-md-4 col-sm-6"],"acf":[],"yoast_head":"<!-- This site is optimized with the Yoast SEO plugin v24.4 - https:\/\/yoast.com\/wordpress\/plugins\/seo\/ -->\n<title>Guided tour with Kov\u00e1cs Edward &#8211; Modemart<\/title>\n<meta name=\"description\" content=\"Szeretettel v\u00e1runk mindenkit Kov\u00e1cs Edward angol nyelv\u0171 t\u00e1rlatvezet\u00e9s\u00e9re febru\u00e1r 27-\u00e9n 17 \u00f3rakor a Hat\u00e1rkor c\u00edm\u0171 ki\u00e1ll\u00edt\u00e1sunkon.\" \/>\n<meta name=\"robots\" content=\"index, follow, max-snippet:-1, max-image-preview:large, max-video-preview:-1\" \/>\n<link rel=\"canonical\" href=\"https:\/\/modemart.hu\/en\/programmes\/tarlatvezetes-angol-nyelven-kovacs-edwarddal\/\" \/>\n<meta property=\"og:locale\" content=\"en_US\" \/>\n<meta property=\"og:type\" content=\"article\" \/>\n<meta property=\"og:title\" content=\"Guided tour with Kov\u00e1cs Edward &#8211; Modemart\" \/>\n<meta property=\"og:description\" content=\"Szeretettel v\u00e1runk mindenkit Kov\u00e1cs Edward angol nyelv\u0171 t\u00e1rlatvezet\u00e9s\u00e9re febru\u00e1r 27-\u00e9n 17 \u00f3rakor a Hat\u00e1rkor c\u00edm\u0171 ki\u00e1ll\u00edt\u00e1sunkon.\" \/>\n<meta property=\"og:url\" content=\"https:\/\/modemart.hu\/en\/programmes\/tarlatvezetes-angol-nyelven-kovacs-edwarddal\/\" \/>\n<meta property=\"og:site_name\" content=\"Modemart\" \/>\n<meta property=\"article:publisher\" content=\"https:\/\/hu-hu.facebook.com\/modemdebrecen\/\" \/>\n<meta property=\"article:modified_time\" content=\"2024-02-19T12:14:46+00:00\" \/>\n<meta property=\"og:image\" content=\"https:\/\/modemart.hu\/wp-content\/uploads\/2024\/02\/hatarkor_tarlatvezetes_02-07.jpg\" \/>\n\t<meta property=\"og:image:width\" content=\"1080\" \/>\n\t<meta property=\"og:image:height\" content=\"1080\" \/>\n\t<meta property=\"og:image:type\" content=\"image\/jpeg\" \/>\n<meta name=\"twitter:card\" content=\"summary_large_image\" \/>\n<script type=\"application\/ld+json\" class=\"yoast-schema-graph\">{\"@context\":\"https:\/\/schema.org\",\"@graph\":[{\"@type\":\"WebPage\",\"@id\":\"https:\/\/modemart.hu\/en\/programmes\/tarlatvezetes-angol-nyelven-kovacs-edwarddal\/\",\"url\":\"https:\/\/modemart.hu\/en\/programmes\/tarlatvezetes-angol-nyelven-kovacs-edwarddal\/\",\"name\":\"Guided tour with Kov\u00e1cs Edward &#8211; Modemart\",\"isPartOf\":{\"@id\":\"https:\/\/modemart.hu\/#website\"},\"primaryImageOfPage\":{\"@id\":\"https:\/\/modemart.hu\/en\/programmes\/tarlatvezetes-angol-nyelven-kovacs-edwarddal\/#primaryimage\"},\"image\":{\"@id\":\"https:\/\/modemart.hu\/en\/programmes\/tarlatvezetes-angol-nyelven-kovacs-edwarddal\/#primaryimage\"},\"thumbnailUrl\":\"https:\/\/modemart.hu\/wp-content\/uploads\/2024\/02\/hatarkor_tarlatvezetes_02-07.jpg\",\"datePublished\":\"2024-02-19T12:12:48+00:00\",\"dateModified\":\"2024-02-19T12:14:46+00:00\",\"description\":\"Szeretettel v\u00e1runk mindenkit Kov\u00e1cs Edward angol nyelv\u0171 t\u00e1rlatvezet\u00e9s\u00e9re febru\u00e1r 27-\u00e9n 17 \u00f3rakor a Hat\u00e1rkor c\u00edm\u0171 ki\u00e1ll\u00edt\u00e1sunkon.\",\"breadcrumb\":{\"@id\":\"https:\/\/modemart.hu\/en\/programmes\/tarlatvezetes-angol-nyelven-kovacs-edwarddal\/#breadcrumb\"},\"inLanguage\":\"en-US\",\"potentialAction\":[{\"@type\":\"ReadAction\",\"target\":[\"https:\/\/modemart.hu\/en\/programmes\/tarlatvezetes-angol-nyelven-kovacs-edwarddal\/\"]}]},{\"@type\":\"ImageObject\",\"inLanguage\":\"en-US\",\"@id\":\"https:\/\/modemart.hu\/en\/programmes\/tarlatvezetes-angol-nyelven-kovacs-edwarddal\/#primaryimage\",\"url\":\"https:\/\/modemart.hu\/wp-content\/uploads\/2024\/02\/hatarkor_tarlatvezetes_02-07.jpg\",\"contentUrl\":\"https:\/\/modemart.hu\/wp-content\/uploads\/2024\/02\/hatarkor_tarlatvezetes_02-07.jpg\",\"width\":1080,\"height\":1080},{\"@type\":\"BreadcrumbList\",\"@id\":\"https:\/\/modemart.hu\/en\/programmes\/tarlatvezetes-angol-nyelven-kovacs-edwarddal\/#breadcrumb\",\"itemListElement\":[{\"@type\":\"ListItem\",\"position\":1,\"name\":\"Home\",\"item\":\"https:\/\/modemart.hu\/\"},{\"@type\":\"ListItem\",\"position\":2,\"name\":\"Programok\",\"item\":\"https:\/\/modemart.hu\/program\/\"},{\"@type\":\"ListItem\",\"position\":3,\"name\":\"Guided tour with Kov\u00e1cs Edward\"}]},{\"@type\":\"WebSite\",\"@id\":\"https:\/\/modemart.hu\/#website\",\"url\":\"https:\/\/modemart.hu\/\",\"name\":\"Modemart\",\"description\":\"Center for Modern and Contemporary Art\",\"publisher\":{\"@id\":\"https:\/\/modemart.hu\/#organization\"},\"potentialAction\":[{\"@type\":\"SearchAction\",\"target\":{\"@type\":\"EntryPoint\",\"urlTemplate\":\"https:\/\/modemart.hu\/?s={search_term_string}\"},\"query-input\":{\"@type\":\"PropertyValueSpecification\",\"valueRequired\":true,\"valueName\":\"search_term_string\"}}],\"inLanguage\":\"en-US\"},{\"@type\":\"Organization\",\"@id\":\"https:\/\/modemart.hu\/#organization\",\"name\":\"Modemart\",\"url\":\"https:\/\/modemart.hu\/\",\"logo\":{\"@type\":\"ImageObject\",\"inLanguage\":\"en-US\",\"@id\":\"https:\/\/modemart.hu\/#\/schema\/logo\/image\/\",\"url\":\"https:\/\/modemart.hu\/wp-content\/uploads\/2022\/07\/modemlogo.png\",\"contentUrl\":\"https:\/\/modemart.hu\/wp-content\/uploads\/2022\/07\/modemlogo.png\",\"width\":260,\"height\":136,\"caption\":\"Modemart\"},\"image\":{\"@id\":\"https:\/\/modemart.hu\/#\/schema\/logo\/image\/\"},\"sameAs\":[\"https:\/\/hu-hu.facebook.com\/modemdebrecen\/\"]}]}<\/script>\n<!-- \/ Yoast SEO plugin. -->","yoast_head_json":{"title":"Guided tour with Kov\u00e1cs Edward &#8211; Modemart","description":"Szeretettel v\u00e1runk mindenkit Kov\u00e1cs Edward angol nyelv\u0171 t\u00e1rlatvezet\u00e9s\u00e9re febru\u00e1r 27-\u00e9n 17 \u00f3rakor a Hat\u00e1rkor c\u00edm\u0171 ki\u00e1ll\u00edt\u00e1sunkon.","robots":{"index":"index","follow":"follow","max-snippet":"max-snippet:-1","max-image-preview":"max-image-preview:large","max-video-preview":"max-video-preview:-1"},"canonical":"https:\/\/modemart.hu\/en\/programmes\/tarlatvezetes-angol-nyelven-kovacs-edwarddal\/","og_locale":"en_US","og_type":"article","og_title":"Guided tour with Kov\u00e1cs Edward &#8211; Modemart","og_description":"Szeretettel v\u00e1runk mindenkit Kov\u00e1cs Edward angol nyelv\u0171 t\u00e1rlatvezet\u00e9s\u00e9re febru\u00e1r 27-\u00e9n 17 \u00f3rakor a Hat\u00e1rkor c\u00edm\u0171 ki\u00e1ll\u00edt\u00e1sunkon.","og_url":"https:\/\/modemart.hu\/en\/programmes\/tarlatvezetes-angol-nyelven-kovacs-edwarddal\/","og_site_name":"Modemart","article_publisher":"https:\/\/hu-hu.facebook.com\/modemdebrecen\/","article_modified_time":"2024-02-19T12:14:46+00:00","og_image":[{"width":1080,"height":1080,"url":"https:\/\/modemart.hu\/wp-content\/uploads\/2024\/02\/hatarkor_tarlatvezetes_02-07.jpg","type":"image\/jpeg"}],"twitter_card":"summary_large_image","schema":{"@context":"https:\/\/schema.org","@graph":[{"@type":"WebPage","@id":"https:\/\/modemart.hu\/en\/programmes\/tarlatvezetes-angol-nyelven-kovacs-edwarddal\/","url":"https:\/\/modemart.hu\/en\/programmes\/tarlatvezetes-angol-nyelven-kovacs-edwarddal\/","name":"Guided tour with Kov\u00e1cs Edward &#8211; Modemart","isPartOf":{"@id":"https:\/\/modemart.hu\/#website"},"primaryImageOfPage":{"@id":"https:\/\/modemart.hu\/en\/programmes\/tarlatvezetes-angol-nyelven-kovacs-edwarddal\/#primaryimage"},"image":{"@id":"https:\/\/modemart.hu\/en\/programmes\/tarlatvezetes-angol-nyelven-kovacs-edwarddal\/#primaryimage"},"thumbnailUrl":"https:\/\/modemart.hu\/wp-content\/uploads\/2024\/02\/hatarkor_tarlatvezetes_02-07.jpg","datePublished":"2024-02-19T12:12:48+00:00","dateModified":"2024-02-19T12:14:46+00:00","description":"Szeretettel v\u00e1runk mindenkit Kov\u00e1cs Edward angol nyelv\u0171 t\u00e1rlatvezet\u00e9s\u00e9re febru\u00e1r 27-\u00e9n 17 \u00f3rakor a Hat\u00e1rkor c\u00edm\u0171 ki\u00e1ll\u00edt\u00e1sunkon.","breadcrumb":{"@id":"https:\/\/modemart.hu\/en\/programmes\/tarlatvezetes-angol-nyelven-kovacs-edwarddal\/#breadcrumb"},"inLanguage":"en-US","potentialAction":[{"@type":"ReadAction","target":["https:\/\/modemart.hu\/en\/programmes\/tarlatvezetes-angol-nyelven-kovacs-edwarddal\/"]}]},{"@type":"ImageObject","inLanguage":"en-US","@id":"https:\/\/modemart.hu\/en\/programmes\/tarlatvezetes-angol-nyelven-kovacs-edwarddal\/#primaryimage","url":"https:\/\/modemart.hu\/wp-content\/uploads\/2024\/02\/hatarkor_tarlatvezetes_02-07.jpg","contentUrl":"https:\/\/modemart.hu\/wp-content\/uploads\/2024\/02\/hatarkor_tarlatvezetes_02-07.jpg","width":1080,"height":1080},{"@type":"BreadcrumbList","@id":"https:\/\/modemart.hu\/en\/programmes\/tarlatvezetes-angol-nyelven-kovacs-edwarddal\/#breadcrumb","itemListElement":[{"@type":"ListItem","position":1,"name":"Home","item":"https:\/\/modemart.hu\/"},{"@type":"ListItem","position":2,"name":"Programok","item":"https:\/\/modemart.hu\/program\/"},{"@type":"ListItem","position":3,"name":"Guided tour with Kov\u00e1cs Edward"}]},{"@type":"WebSite","@id":"https:\/\/modemart.hu\/#website","url":"https:\/\/modemart.hu\/","name":"Modemart","description":"Center for Modern and Contemporary Art","publisher":{"@id":"https:\/\/modemart.hu\/#organization"},"potentialAction":[{"@type":"SearchAction","target":{"@type":"EntryPoint","urlTemplate":"https:\/\/modemart.hu\/?s={search_term_string}"},"query-input":{"@type":"PropertyValueSpecification","valueRequired":true,"valueName":"search_term_string"}}],"inLanguage":"en-US"},{"@type":"Organization","@id":"https:\/\/modemart.hu\/#organization","name":"Modemart","url":"https:\/\/modemart.hu\/","logo":{"@type":"ImageObject","inLanguage":"en-US","@id":"https:\/\/modemart.hu\/#\/schema\/logo\/image\/","url":"https:\/\/modemart.hu\/wp-content\/uploads\/2022\/07\/modemlogo.png","contentUrl":"https:\/\/modemart.hu\/wp-content\/uploads\/2022\/07\/modemlogo.png","width":260,"height":136,"caption":"Modemart"},"image":{"@id":"https:\/\/modemart.hu\/#\/schema\/logo\/image\/"},"sameAs":["https:\/\/hu-hu.facebook.com\/modemdebrecen\/"]}]}},"_links":{"self":[{"href":"https:\/\/modemart.hu\/en\/wp-json\/wp\/v2\/program\/28676","targetHints":{"allow":["GET"]}}],"collection":[{"href":"https:\/\/modemart.hu\/en\/wp-json\/wp\/v2\/program"}],"about":[{"href":"https:\/\/modemart.hu\/en\/wp-json\/wp\/v2\/types\/program"}],"wp:featuredmedia":[{"embeddable":true,"href":"https:\/\/modemart.hu\/en\/wp-json\/wp\/v2\/media\/28675"}],"wp:attachment":[{"href":"https:\/\/modemart.hu\/en\/wp-json\/wp\/v2\/media?parent=28676"}],"curies":[{"name":"wp","href":"https:\/\/api.w.org\/{rel}","templated":true}]}}

Guided tour with Kovács Edward

<!-- This site is optimized with the Yoast SEO plugin v24.4 - https://yoast.com/wordpress/plugins/seo/ -->
<title>Guided tour with Kovács Edward &#8211; Modemart</title>
<meta name="description" content="Szeretettel várunk mindenkit Kovács Edward angol nyelvű tárlatvezetésére február 27-én 17 órakor a Határkor című kiállításunkon." />
<meta name="robots" content="index, follow, max-snippet:-1, max-image-preview:large, max-video-preview:-1" />
<link rel="canonical" href="https://modemart.hu/en/programmes/tarlatvezetes-angol-nyelven-kovacs-edwarddal/" />
<meta property="og:locale" content="en_US" />
<meta property="og:type" content="article" />
<meta property="og:title" content="Guided tour with Kovács Edward &#8211; Modemart" />
<meta property="og:description" content="Szeretettel várunk mindenkit Kovács Edward angol nyelvű tárlatvezetésére február 27-én 17 órakor a Határkor című kiállításunkon." />
<meta property="og:url" content="https://modemart.hu/en/programmes/tarlatvezetes-angol-nyelven-kovacs-edwarddal/" />
<meta property="og:site_name" content="Modemart" />
<meta property="article:publisher" content="https://hu-hu.facebook.com/modemdebrecen/" />
<meta property="article:modified_time" content="2024-02-19T12:14:46+00:00" />
<meta property="og:image" content="https://modemart.hu/wp-content/uploads/2024/02/hatarkor_tarlatvezetes_02-07.jpg" />
	<meta property="og:image:width" content="1080" />
	<meta property="og:image:height" content="1080" />
	<meta property="og:image:type" content="image/jpeg" />
<meta name="twitter:card" content="summary_large_image" />
<script type="application/ld+json" class="yoast-schema-graph">{"@context":"https://schema.org","@graph":[{"@type":"WebPage","@id":"https://modemart.hu/en/programmes/tarlatvezetes-angol-nyelven-kovacs-edwarddal/","url":"https://modemart.hu/en/programmes/tarlatvezetes-angol-nyelven-kovacs-edwarddal/","name":"Guided tour with Kovács Edward &#8211; Modemart","isPartOf":{"@id":"https://modemart.hu/#website"},"primaryImageOfPage":{"@id":"https://modemart.hu/en/programmes/tarlatvezetes-angol-nyelven-kovacs-edwarddal/#primaryimage"},"image":{"@id":"https://modemart.hu/en/programmes/tarlatvezetes-angol-nyelven-kovacs-edwarddal/#primaryimage"},"thumbnailUrl":"https://modemart.hu/wp-content/uploads/2024/02/hatarkor_tarlatvezetes_02-07.jpg","datePublished":"2024-02-19T12:12:48+00:00","dateModified":"2024-02-19T12:14:46+00:00","description":"Szeretettel várunk mindenkit Kovács Edward angol nyelvű tárlatvezetésére február 27-én 17 órakor a Határkor című kiállításunkon.","breadcrumb":{"@id":"https://modemart.hu/en/programmes/tarlatvezetes-angol-nyelven-kovacs-edwarddal/#breadcrumb"},"inLanguage":"en-US","potentialAction":[{"@type":"ReadAction","target":["https://modemart.hu/en/programmes/tarlatvezetes-angol-nyelven-kovacs-edwarddal/"]}]},{"@type":"ImageObject","inLanguage":"en-US","@id":"https://modemart.hu/en/programmes/tarlatvezetes-angol-nyelven-kovacs-edwarddal/#primaryimage","url":"https://modemart.hu/wp-content/uploads/2024/02/hatarkor_tarlatvezetes_02-07.jpg","contentUrl":"https://modemart.hu/wp-content/uploads/2024/02/hatarkor_tarlatvezetes_02-07.jpg","width":1080,"height":1080},{"@type":"BreadcrumbList","@id":"https://modemart.hu/en/programmes/tarlatvezetes-angol-nyelven-kovacs-edwarddal/#breadcrumb","itemListElement":[{"@type":"ListItem","position":1,"name":"Home","item":"https://modemart.hu/"},{"@type":"ListItem","position":2,"name":"Programok","item":"https://modemart.hu/program/"},{"@type":"ListItem","position":3,"name":"Guided tour with Kovács Edward"}]},{"@type":"WebSite","@id":"https://modemart.hu/#website","url":"https://modemart.hu/","name":"Modemart","description":"Center for Modern and Contemporary Art","publisher":{"@id":"https://modemart.hu/#organization"},"potentialAction":[{"@type":"SearchAction","target":{"@type":"EntryPoint","urlTemplate":"https://modemart.hu/?s={search_term_string}"},"query-input":{"@type":"PropertyValueSpecification","valueRequired":true,"valueName":"search_term_string"}}],"inLanguage":"en-US"},{"@type":"Organization","@id":"https://modemart.hu/#organization","name":"Modemart","url":"https://modemart.hu/","logo":{"@type":"ImageObject","inLanguage":"en-US","@id":"https://modemart.hu/#/schema/logo/image/","url":"https://modemart.hu/wp-content/uploads/2022/07/modemlogo.png","contentUrl":"https://modemart.hu/wp-content/uploads/2022/07/modemlogo.png","width":260,"height":136,"caption":"Modemart"},"image":{"@id":"https://modemart.hu/#/schema/logo/image/"},"sameAs":["https://hu-hu.facebook.com/modemdebrecen/"]}]}</script>
<!-- / Yoast SEO plugin. -->

Guided tour with Kovács Edward &#8211; Modemart

Szeretettel várunk mindenkit Kovács Edward angol nyelvű tárlatvezetésére február 27-én 17 órakor a Határkor című kiállításunkon.
